{"id":838,"date":"2018-08-30T10:35:34","date_gmt":"2018-08-30T08:35:34","guid":{"rendered":"http:\/\/jukkahamalainen.fi\/?page_id=838"},"modified":"2019-01-05T23:33:27","modified_gmt":"2019-01-05T21:33:27","slug":"miksi-jukka","status":"publish","type":"page","link":"https:\/\/jukkahamalainen.fi\/eduskuntavaalit-27\/miksi-jukka\/","title":{"rendered":"Miksi Jukka?"},"content":{"rendered":"<p>Minulta on usein kysytty, miksi l\u00e4hdin mukaan politiikkaan. Miksik\u00f6? Vastaus kysymykseen l\u00f6ytyy oikeastaan yhdest\u00e4 kaverista, jonka olen tuntenut kauan. T\u00e4m\u00e4 kaveri syntyi ei-niin-toivottuna nuorille vanhemmilleen avioliiton ulkopuolella ja kasvoikin iso\u00e4itins\u00e4 suojissa. Varhaisessa teini-i\u00e4ss\u00e4 ja pahimmassa murrosi\u00e4ss\u00e4 kaverin iso\u00e4iti kuoli ja h\u00e4n tuli huostaanotetuksi \u00e4idilt\u00e4\u00e4n, joka ei kyennyt hoitamaan pikku hiljaa ongelmiin ajautuvaa lastaan. Kaveri joutui tai ehk\u00e4p\u00e4 p\u00e4\u00e4si oppilaskotiin, jossa h\u00e4n sai asiansa oikenemaan mm. koulunk\u00e4ynnin suhteen.<\/p>\n<p>Puolitoista vuotta oppilaskodissa vietetyn ajan j\u00e4lkeen kaveri p\u00e4\u00e4si asumaan kaupungin tarjoamaan tukiasuntoon, mutta el\u00e4m\u00e4 oli viel\u00e4 hakusessa, vaikka ammattikoulukin oli saatu kunnialla suoritettua loppuun ja armeija k\u00e4yty\u00e4. Keskell\u00e4 el\u00e4m\u00e4nuran etsimist\u00e4 kaveri l\u00f6ysi harrastajateatterin, jossa tutustuinkin h\u00e4neen paremmin. Kaverin sosiaaliset taidot, itsens\u00e4 ilmaiseminen ja ennen kaikkea silmin n\u00e4hden parantunut itsetunto auttoivat h\u00e4nt\u00e4 p\u00e4\u00e4sem\u00e4\u00e4n tukevammin kiinni yhteiskuntaan ja ty\u00f6el\u00e4m\u00e4\u00e4n.<\/p>\n<p>Sittemmin kaveri valittiin ty\u00f6paikkansa luottamusmieheksi ja h\u00e4nen kiinnostuksensa yhteiskunnallisia asioita kohtaan her\u00e4si. Kaveri l\u00e4hti mukaan politiikkaan ja tuli valituksi kuntavaalien kautta kotikaupunkinsa valtuutetuksi. V\u00e4rikk\u00e4iden vaiheiden j\u00e4lkeen el\u00e4m\u00e4 asettui uomaansa. Syrj\u00e4ytymisvaarassa olevasta ihmisest\u00e4 oli tullut yhteisten asioiden hoitaja ja yhteiskuntavaikuttaja. Ja kuka t\u00e4m\u00e4 kaveri sitten on? H\u00e4n on Jukka H\u00e4m\u00e4l\u00e4inen.<\/p>\n<p>El\u00e4m\u00e4 on opettanut minulle kantap\u00e4\u00e4n kautta, ett\u00e4 kun ihminen tarvitsee apua jaloilleen p\u00e4\u00e4syyn, on sit\u00e4 l\u00f6ydytt\u00e4v\u00e4. Siihen me tarvitsemme yhteiskuntaa. Siksi my\u00f6s sen tukemat erilaiset tukipalvelut ja harrastusmahdollisuudet avaavat monelle v\u00e4yl\u00e4n sosiaaliseen, ihmisarvoiseen el\u00e4m\u00e4\u00e4n.<\/p>\n<p>T\u00e4st\u00e4 kumpuaa haluni ja motivaationi auttaa niit\u00e4 yhteiskunnan j\u00e4seni\u00e4, jotka apua tarvitsevat. T\u00e4h\u00e4n liittyy vaatimus siit\u00e4, ett\u00e4 talkoissa on oltava kaikkien. Ei vain niiden joilla on halu, vaan my\u00f6s kyky ja resurssit auttaa.<\/p>\n<p>On aika laittaa kiertoon aikanaan saatu apu.<\/p>\n","protected":false},"excerpt":{"rendered":"<p>Minulta on usein kysytty, miksi l\u00e4hdin mukaan politiikkaan. Miksik\u00f6? Vastaus kysymykseen l\u00f6ytyy oikeastaan yhdest\u00e4 kaverista, jonka olen tuntenut kauan. T\u00e4m\u00e4 kaveri syntyi ei-niin-toivottuna nuorille vanhemmilleen avioliiton ulkopuolella ja kasvoikin iso\u00e4itins\u00e4 suojissa. Varhaisessa teini-i\u00e4ss\u00e4 ja pahimmassa murrosi\u00e4ss\u00e4 kaverin iso\u00e4iti kuoli ja h\u00e4n tuli huostaanotetuksi \u00e4idilt\u00e4\u00e4n, joka ei kyennyt hoitamaan pikku hiljaa ongelmiin ajautuvaa lastaan. Kaveri joutui<\/p><\/div>\n<div class=\"blog-btn\"><a href=\"https:\/\/jukkahamalainen.fi\/eduskuntavaalit-27\/miksi-jukka\/\" class=\"home-blog-btn\">Lue lis\u00e4\u00e4<\/a><\/p>\n","protected":false},"author":1,"featured_media":1327,"parent":0,"menu_order":0,"comment_status":"open","ping_status":"open","template":"","meta":{"_crdt_document":"","footnotes":""},"class_list":["post-838","page","type-page","status-publish","has-post-thumbnail","hentry"],"_links":{"self":[{"href":"https:\/\/jukkahamalainen.fi\/eduskuntavaalit-27\/wp-json\/wp\/v2\/pages\/838","targetHints":{"allow":["GET"]}}],"collection":[{"href":"https:\/\/jukkahamalainen.fi\/eduskuntavaalit-27\/wp-json\/wp\/v2\/pages"}],"about":[{"href":"https:\/\/jukkahamalainen.fi\/eduskuntavaalit-27\/wp-json\/wp\/v2\/types\/page"}],"author":[{"embeddable":true,"href":"https:\/\/jukkahamalainen.fi\/eduskuntavaalit-27\/wp-json\/wp\/v2\/users\/1"}],"replies":[{"embeddable":true,"href":"https:\/\/jukkahamalainen.fi\/eduskuntavaalit-27\/wp-json\/wp\/v2\/comments?post=838"}],"version-history":[{"count":1,"href":"https:\/\/jukkahamalainen.fi\/eduskuntavaalit-27\/wp-json\/wp\/v2\/pages\/838\/revisions"}],"predecessor-version":[{"id":839,"href":"https:\/\/jukkahamalainen.fi\/eduskuntavaalit-27\/wp-json\/wp\/v2\/pages\/838\/revisions\/839"}],"wp:featuredmedia":[{"embeddable":true,"href":"https:\/\/jukkahamalainen.fi\/eduskuntavaalit-27\/wp-json\/wp\/v2\/media\/1327"}],"wp:attachment":[{"href":"https:\/\/jukkahamalainen.fi\/eduskuntavaalit-27\/wp-json\/wp\/v2\/media?parent=838"}],"curies":[{"name":"wp","href":"https:\/\/api.w.org\/{rel}","templated":true}]}}