{"id":2198,"date":"2025-01-28T21:10:24","date_gmt":"2025-01-28T19:10:24","guid":{"rendered":"https:\/\/jukkahamalainen.fi\/kuntavaalit-25\/?page_id=2198"},"modified":"2025-01-28T21:11:09","modified_gmt":"2025-01-28T19:11:09","slug":"tue-jukan-vaalikampanjaa-taloudellisesti","status":"publish","type":"page","link":"https:\/\/jukkahamalainen.fi\/eduskuntavaalit-27\/tue-jukan-vaalikampanjaa-taloudellisesti\/","title":{"rendered":"Tue Jukan vaalikampanjaa taloudellisesti"},"content":{"rendered":"\n<p class=\"wp-block-paragraph\">Vaaleissa ehdolla oleminen vaatii my\u00f6s taloudellisia resursseja. Mainostamiseen ja vaalitilaisuuksien j\u00e4rjest\u00e4miseen kuluu rahaa, jotta ehdokas voi my\u00f6s menesty\u00e4 vaaleissa.<br><br>Mik\u00e4li haluat tukea taloudellisesti ehdokkuuttani, niin voit tehd\u00e4 sen tilisiirrolla oheiselle tilille;<br><br>Keski-Suomen Osuuspankki FI7352900220852345<br>Saaja: Jukan jousille -tukiryhm\u00e4<br><br>tai MobilePayn kautta numeroon +358400647171<br><br>Huomaathan ett\u00e4 laki ehdokkaan vaalirahoituksesta toteaa ett\u00e4 ehdokas, ehdokkaan tukiryhm\u00e4 ja muu yksinomaan ehdokkaan tukemiseksi toimiva yhteis\u00f6 eiv\u00e4t saa vastaanottaa suoraan tai v\u00e4lillisesti samalta tukijalta enemp\u00e4\u00e4 tukea kuin arvoltaan 3\u00a0000 euroa kuntavaaleissa. Erikseen on ilmoitettava kukin yksitt\u00e4inen tuki ja sen antaja, jos tuen arvo on kuntavaaleissa v\u00e4hint\u00e4\u00e4n 800 euroa.<br><br>Vaalirahoitus lakiin voit tutustua oheisen linkin kautta;<br><a href=\"https:\/\/www.finlex.fi\/fi\/laki\/ajantasa\/2009\/20090273\">Laki ehdokkaan vaalirahoituksesta<\/a><br><br><\/p>\n","protected":false},"excerpt":{"rendered":"<p>Vaaleissa ehdolla oleminen vaatii my\u00f6s taloudellisia resursseja. Mainostamiseen ja vaalitilaisuuksien j\u00e4rjest\u00e4miseen kuluu rahaa, jotta ehdokas voi my\u00f6s menesty\u00e4 vaaleissa. Mik\u00e4li haluat tukea taloudellisesti ehdokkuuttani, niin voit tehd\u00e4 sen tilisiirrolla oheiselle tilille; Keski-Suomen Osuuspankki FI7352900220852345Saaja: Jukan jousille -tukiryhm\u00e4 tai MobilePayn kautta numeroon +358400647171 Huomaathan ett\u00e4 laki ehdokkaan vaalirahoituksesta toteaa ett\u00e4 ehdokas, ehdokkaan tukiryhm\u00e4 ja muu yksinomaan<\/p><\/div>\n<div class=\"blog-btn\"><a href=\"https:\/\/jukkahamalainen.fi\/eduskuntavaalit-27\/tue-jukan-vaalikampanjaa-taloudellisesti\/\" class=\"home-blog-btn\">Lue lis\u00e4\u00e4<\/a><\/p>\n","protected":false},"author":1,"featured_media":0,"parent":0,"menu_order":0,"comment_status":"closed","ping_status":"closed","template":"","meta":{"_crdt_document":"","footnotes":""},"class_list":["post-2198","page","type-page","status-publish","hentry"],"_links":{"self":[{"href":"https:\/\/jukkahamalainen.fi\/eduskuntavaalit-27\/wp-json\/wp\/v2\/pages\/2198","targetHints":{"allow":["GET"]}}],"collection":[{"href":"https:\/\/jukkahamalainen.fi\/eduskuntavaalit-27\/wp-json\/wp\/v2\/pages"}],"about":[{"href":"https:\/\/jukkahamalainen.fi\/eduskuntavaalit-27\/wp-json\/wp\/v2\/types\/page"}],"author":[{"embeddable":true,"href":"https:\/\/jukkahamalainen.fi\/eduskuntavaalit-27\/wp-json\/wp\/v2\/users\/1"}],"replies":[{"embeddable":true,"href":"https:\/\/jukkahamalainen.fi\/eduskuntavaalit-27\/wp-json\/wp\/v2\/comments?post=2198"}],"version-history":[{"count":2,"href":"https:\/\/jukkahamalainen.fi\/eduskuntavaalit-27\/wp-json\/wp\/v2\/pages\/2198\/revisions"}],"predecessor-version":[{"id":2201,"href":"https:\/\/jukkahamalainen.fi\/eduskuntavaalit-27\/wp-json\/wp\/v2\/pages\/2198\/revisions\/2201"}],"wp:attachment":[{"href":"https:\/\/jukkahamalainen.fi\/eduskuntavaalit-27\/wp-json\/wp\/v2\/media?parent=2198"}],"curies":[{"name":"wp","href":"https:\/\/api.w.org\/{rel}","templated":true}]}}