{"id":1753,"date":"2022-01-02T12:30:39","date_gmt":"2022-01-02T10:30:39","guid":{"rendered":"http:\/\/jukkahamalainen.fi\/?page_id=1753"},"modified":"2022-01-24T06:38:55","modified_gmt":"2022-01-24T04:38:55","slug":"aluevaalit-2022","status":"publish","type":"page","link":"https:\/\/jukkahamalainen.fi\/eduskuntavaalit-27\/aluevaalit-2022\/","title":{"rendered":"Aluevaalit 2022"},"content":{"rendered":"\n<p class=\"has-text-align-center has-vivid-red-color has-text-color wp-block-paragraph\" style=\"font-size:25px\"><br><br><strong>L\u00c4MMIN KIITOS KAIKILLE \u00c4\u00c4NEST\u00c4JILLENI JA TUKIJOILLENI !<\/strong><br><br><strong>MIST\u00c4 ALUEVAALEISSA ON KYSYMYS?<\/strong><br><br><a href=\"https:\/\/hyvaks.fi\/\">Lue lis\u00e4\u00e4 t\u00e4st\u00e4.<\/a><br><br>Lue my\u00f6s lis\u00e4\u00e4 ajatuksiani <a href=\"https:\/\/vaalikone.yle.fi\/aluevaalit2022\/15\/ehdokkaat\/936\">YLE<\/a>:n ja <a href=\"https:\/\/www.ksml.fi\/vaalikone\/#\/178\/kandidaatti\/31311\">Keskisuomalaisen<\/a> vaalikonevastauksista.<br><br><strong>HYVINVOINTIA KESKI-SUOMEEN<\/strong><\/p>\n\n\n\n<p class=\"has-text-align-left wp-block-paragraph\"><br><br>1. LAADUKKAISTA PALVELUISTA<\/p>\n\n\n\n<figure class=\"wp-block-video\"><video height=\"1032\" style=\"aspect-ratio: 1379 \/ 1032;\" width=\"1379\" controls src=\"http:\/\/jukkahamalainen.fi\/wp-content\/uploads\/2022\/01\/94355125-D1E9-42A2-9B01-E12743318E0C-5.mov\"><\/video><figcaption>Keski-Suomen hyvinvointialueen j\u00e4rjest\u00e4ess\u00e4 tai hankkiessa palveluita tulee laadun olla etusijalla. Huonoista palveluista ei kannata maksaa, se on rahan ja resurssien tuhlausta. Huonolaatuisilla palveluilla emme p\u00e4\u00e4se haluttuun lopputulokseen ja pahoinvointi kasvaa. Laatukriteerin\u00e4 on my\u00f6s ett\u00e4 palvelut tulee olla saatavilla ja saavutettavissa koko hyvinvointialueella.<br><br>2. OSAAVASTA JA KOKENEESTA HALLINNOSTA<\/figcaption><\/figure>\n\n\n\n<figure class=\"wp-block-video\"><video height=\"720\" style=\"aspect-ratio: 960 \/ 720;\" width=\"960\" controls src=\"http:\/\/jukkahamalainen.fi\/wp-content\/uploads\/2022\/01\/IMG_2717-3.mov\"><\/video><figcaption>Hyvinvointialue on uusi organisaatio, jonka toimivuudesta vastaa n\u00e4iss\u00e4 vaaleissa valituiksi tulevat aluevaltuutetut. On t\u00e4rke\u00e4\u00e4, ett\u00e4 valittavilla henkil\u00f6ill\u00e4 on kokemusta ja verkostoja organisaation rakentamisen tueksi. Valituiksi tulevilla p\u00e4\u00e4tt\u00e4jill\u00e4 tulisi olla my\u00f6s kokemusta sosiaali- ja terveyspalveluiden, sek\u00e4 palo- ja pelastustoimen hallinnosta. Sit\u00e4 pystyn tarjoamaan kokeneena poliittisena p\u00e4\u00e4tt\u00e4j\u00e4n\u00e4.<br><br>3. LASTEN JA NUORTEN MIELENTERVEYDEST\u00c4<\/figcaption><\/figure>\n\n\n\n<figure class=\"wp-block-video\"><video height=\"720\" style=\"aspect-ratio: 960 \/ 720;\" width=\"960\" controls src=\"http:\/\/jukkahamalainen.fi\/wp-content\/uploads\/2022\/01\/IMG_2723.mov\"><\/video><figcaption>Lasten hyvinvointi on varmistettava jo \u00e4itiysneuvolasta l\u00e4htien, jolloin perheet saavat tukea vanhemmuuteen sit\u00e4 tarvitessaan. Mik\u00e4li ennaltaehk\u00e4isev\u00e4t palvelut eiv\u00e4t kuitenkaan riit\u00e4 ja lapsi tai nuori kokee mielenterveysongelmia, on hoitoon p\u00e4\u00e4st\u00e4v\u00e4 nopeasti ja matalalla kynnyksell\u00e4. Pahetessaan ongelmat aiheuttavat inhimillist\u00e4 k\u00e4rsimyst\u00e4 ja ylim\u00e4\u00e4r\u00e4isi\u00e4 kustannuksia kaikille veronmaksajille. Hyvinvointi on arvokkainta mit\u00e4 meill\u00e4 on, siksi siihen kannattaa sijoittaa nyt.<br><br>4. IK\u00c4\u00c4NTYVIEN HOIVASTA<\/figcaption><\/figure>\n\n\n\n<figure class=\"wp-block-video\"><video height=\"720\" style=\"aspect-ratio: 944 \/ 720;\" width=\"944\" controls src=\"http:\/\/jukkahamalainen.fi\/wp-content\/uploads\/2022\/01\/IMG_2719-3.mov\"><\/video><figcaption>V\u00e4ltt\u00e4\u00e4ksemme kalliit laitoshoidot ja erikoissairaanhoidon kustannukset, meid\u00e4n on pystytt\u00e4v\u00e4 tarjoamaan kaiken ik\u00e4isille hyvinvointialueen ihmisille inhimilliset olosuhteet eri el\u00e4m\u00e4nvaiheissa ennaltaehk\u00e4isevill\u00e4 palveluilla. Jos kotona asumiseen tarvitaan tukea tai kotona asuminen ei ole en\u00e4\u00e4 kunnon vuoksi mahdollista, niin ik\u00e4\u00e4ntyneiden hoivapalveluiden ja niiden resurssien tulee aidosti vastata tarpeeseen.<br><br>5., vaan ei todellakaan v\u00e4h\u00e4isin<br>TY\u00d6NTEKIJ\u00d6IDEN TY\u00d6OLOSUHTEISTA JA RESURSSIEN RIITT\u00c4VYYDEST\u00c4<\/figcaption><\/figure>\n\n\n\n<figure class=\"wp-block-video\"><video height=\"720\" style=\"aspect-ratio: 944 \/ 720;\" width=\"944\" controls src=\"http:\/\/jukkahamalainen.fi\/wp-content\/uploads\/2022\/01\/IMG_2724.mov\"><\/video><figcaption>Hyvinvointialueen t\u00e4rkein tarve on osaava ty\u00f6voima, sit\u00e4 Keski-Suomen hyvinvointialueen pit\u00e4\u00e4 pysty\u00e4 rekrytoimaan kovassa kansallisessa kilpailussa. Jotta saamme parhaat osaajat meid\u00e4n t\u00e4ytyy pysty\u00e4 tarjoamaan parhaat ty\u00f6olosuhteet ja riitt\u00e4v\u00e4 m\u00e4\u00e4r\u00e4 henkil\u00f6st\u00f6\u00e4 palveluiden sujuvuuden takaamiseksi.<\/figcaption><\/figure>\n","protected":false},"excerpt":{"rendered":"<p>L\u00c4MMIN KIITOS KAIKILLE \u00c4\u00c4NEST\u00c4JILLENI JA TUKIJOILLENI ! MIST\u00c4 ALUEVAALEISSA ON KYSYMYS? Lue lis\u00e4\u00e4 t\u00e4st\u00e4. Lue my\u00f6s lis\u00e4\u00e4 ajatuksiani YLE:n ja Keskisuomalaisen vaalikonevastauksista. HYVINVOINTIA KESKI-SUOMEEN 1. LAADUKKAISTA PALVELUISTA<\/p>\n","protected":false},"author":1,"featured_media":1812,"parent":0,"menu_order":0,"comment_status":"closed","ping_status":"closed","template":"","meta":{"_crdt_document":"","footnotes":""},"class_list":["post-1753","page","type-page","status-publish","has-post-thumbnail","hentry"],"_links":{"self":[{"href":"https:\/\/jukkahamalainen.fi\/eduskuntavaalit-27\/wp-json\/wp\/v2\/pages\/1753","targetHints":{"allow":["GET"]}}],"collection":[{"href":"https:\/\/jukkahamalainen.fi\/eduskuntavaalit-27\/wp-json\/wp\/v2\/pages"}],"about":[{"href":"https:\/\/jukkahamalainen.fi\/eduskuntavaalit-27\/wp-json\/wp\/v2\/types\/page"}],"author":[{"embeddable":true,"href":"https:\/\/jukkahamalainen.fi\/eduskuntavaalit-27\/wp-json\/wp\/v2\/users\/1"}],"replies":[{"embeddable":true,"href":"https:\/\/jukkahamalainen.fi\/eduskuntavaalit-27\/wp-json\/wp\/v2\/comments?post=1753"}],"version-history":[{"count":33,"href":"https:\/\/jukkahamalainen.fi\/eduskuntavaalit-27\/wp-json\/wp\/v2\/pages\/1753\/revisions"}],"predecessor-version":[{"id":1873,"href":"https:\/\/jukkahamalainen.fi\/eduskuntavaalit-27\/wp-json\/wp\/v2\/pages\/1753\/revisions\/1873"}],"wp:featuredmedia":[{"embeddable":true,"href":"https:\/\/jukkahamalainen.fi\/eduskuntavaalit-27\/wp-json\/wp\/v2\/media\/1812"}],"wp:attachment":[{"href":"https:\/\/jukkahamalainen.fi\/eduskuntavaalit-27\/wp-json\/wp\/v2\/media?parent=1753"}],"curies":[{"name":"wp","href":"https:\/\/api.w.org\/{rel}","templated":true}]}}